[INFO] cloning repository https://github.com/Ahmadi-Houssem/iron
[INFO] running `Command { std: "git" "-c" "credential.helper=" "-c" "credential.helper=/workspace/cargo-home/bin/git-credential-null" "clone" "--bare" "https://github.com/Ahmadi-Houssem/iron" "/workspace/cache/git-repos/https%3A%2F%2Fgithub.com%2FAhmadi-Houssem%2Firon", kill_on_drop: false }`
[INFO] [stderr] Cloning into bare repository '/workspace/cache/git-repos/https%3A%2F%2Fgithub.com%2FAhmadi-Houssem%2Firon'...
[INFO] running `Command { std: "git" "rev-parse" "HEAD", kill_on_drop: false }`
[INFO] [stdout] a9f3f865f6a18ee0c264fadff0ae1cb672bf62d0
[INFO] checking Ahmadi-Houssem/iron against master#e6e4f7ed1589e03bc2f6c5931c1a72e7947e8682 for beta-170-4
[INFO] running `Command { std: "git" "clone" "/workspace/cache/git-repos/https%3A%2F%2Fgithub.com%2FAhmadi-Houssem%2Firon" "/workspace/builds/worker-7-tc2/source", kill_on_drop: false }`
[INFO] [stderr] Cloning into '/workspace/builds/worker-7-tc2/source'...
[INFO] [stderr] done.
[INFO] validating manifest of git repo https://github.com/Ahmadi-Houssem/iron on toolchain e6e4f7ed1589e03bc2f6c5931c1a72e7947e8682
[INFO] running `Command { std: CARGO_HOME="/workspace/cargo-home" RUSTUP_HOME="/workspace/rustup-home" "/workspace/cargo-home/bin/cargo" "+e6e4f7ed1589e03bc2f6c5931c1a72e7947e8682" "metadata" "--manifest-path" "Cargo.toml" "--no-deps", kill_on_drop: false }`
[INFO] started tweaking git repo https://github.com/Ahmadi-Houssem/iron
[INFO] finished tweaking git repo https://github.com/Ahmadi-Houssem/iron
[INFO] tweaked toml for git repo https://github.com/Ahmadi-Houssem/iron written to /workspace/builds/worker-7-tc2/source/Cargo.toml
[INFO] crate git repo https://github.com/Ahmadi-Houssem/iron already has a lockfile, it will not be regenerated
[INFO] running `Command { std: CARGO_HOME="/workspace/cargo-home" RUSTUP_HOME="/workspace/rustup-home" "/workspace/cargo-home/bin/cargo" "+e6e4f7ed1589e03bc2f6c5931c1a72e7947e8682" "fetch" "--manifest-path" "Cargo.toml", kill_on_drop: false }`
[INFO] running `Command { std: "docker" "create" "-v" "/var/lib/crater-agent-workspace/builds/worker-7-tc2/target:/opt/rustwide/target:rw,Z" "-v" "/var/lib/crater-agent-workspace/builds/worker-7-tc2/source:/opt/rustwide/workdir:ro,Z" "-v" "/var/lib/crater-agent-workspace/cargo-home:/opt/rustwide/cargo-home:ro,Z" "-v" "/var/lib/crater-agent-workspace/rustup-home:/opt/rustwide/rustup-home:ro,Z" "-e" "SOURCE_DIR=/opt/rustwide/workdir" "-e" "CARGO_TARGET_DIR=/opt/rustwide/target" "-e" "CARGO_HOME=/opt/rustwide/cargo-home" "-e" "RUSTUP_HOME=/opt/rustwide/rustup-home" "-w" "/opt/rustwide/workdir" "-m" "1610612736" "--user" "0:0" "--network" "none" "ghcr.io/rust-lang/crates-build-env/linux@sha256:19e73879b68f455e41552ea35293514db52ea292d993f571636dbffedb77a1ee" "/opt/rustwide/cargo-home/bin/cargo" "+e6e4f7ed1589e03bc2f6c5931c1a72e7947e8682" "metadata" "--no-deps" "--format-version=1", kill_on_drop: false }`
[INFO] [stdout] 207d7afd7698a7e7cf5c199b4957c7abfffde56138d5806ea4c8b3328c297477
[INFO] running `Command { std: "docker" "start" "-a" "207d7afd7698a7e7cf5c199b4957c7abfffde56138d5806ea4c8b3328c297477", kill_on_drop: false }`
[INFO] running `Command { std: "docker" "inspect" "207d7afd7698a7e7cf5c199b4957c7abfffde56138d5806ea4c8b3328c297477", kill_on_drop: false }`
[INFO] running `Command { std: "docker" "rm" "-f" "207d7afd7698a7e7cf5c199b4957c7abfffde56138d5806ea4c8b3328c297477", kill_on_drop: false }`
[INFO] [stdout] 207d7afd7698a7e7cf5c199b4957c7abfffde56138d5806ea4c8b3328c297477
[INFO] running `Command { std: "docker" "create" "-v" "/var/lib/crater-agent-workspace/builds/worker-7-tc2/target:/opt/rustwide/target:rw,Z" "-v" "/var/lib/crater-agent-workspace/builds/worker-7-tc2/source:/opt/rustwide/workdir:ro,Z" "-v" "/var/lib/crater-agent-workspace/cargo-home:/opt/rustwide/cargo-home:ro,Z" "-v" "/var/lib/crater-agent-workspace/rustup-home:/opt/rustwide/rustup-home:ro,Z" "-e" "SOURCE_DIR=/opt/rustwide/workdir" "-e" "CARGO_TARGET_DIR=/opt/rustwide/target" "-e" "CARGO_INCREMENTAL=0" "-e" "RUST_BACKTRACE=full" "-e" "RUSTFLAGS=--cap-lints=forbid" "-e" "RUSTDOCFLAGS=--cap-lints=forbid" "-e" "CARGO_HOME=/opt/rustwide/cargo-home" "-e" "RUSTUP_HOME=/opt/rustwide/rustup-home" "-w" "/opt/rustwide/workdir" "-m" "1610612736" "--user" "0:0" "--network" "none" "ghcr.io/rust-lang/crates-build-env/linux@sha256:19e73879b68f455e41552ea35293514db52ea292d993f571636dbffedb77a1ee" "/opt/rustwide/cargo-home/bin/cargo" "+e6e4f7ed1589e03bc2f6c5931c1a72e7947e8682" "check" "--frozen" "--all" "--all-targets" "--message-format=json", kill_on_drop: false }`
[INFO] [stdout] c3d589b1d6bcefb6d523efcbc9ccee679083b0c453599b9d463c60f3d4942daa
[INFO] running `Command { std: "docker" "start" "-a" "c3d589b1d6bcefb6d523efcbc9ccee679083b0c453599b9d463c60f3d4942daa", kill_on_drop: false }`
[INFO] [stderr]     Checking dirs-sys v0.3.5
[INFO] [stderr]     Checking dirs v2.0.2
[INFO] [stderr]     Checking term v0.6.1
[INFO] [stderr]     Checking iron v0.1.0 (/opt/rustwide/workdir)
[INFO] [stdout] error[E0433]: failed to resolve: could not find `windows` in `os`
[INFO] [stdout]  --> src/lib.rs:4:14
[INFO] [stdout]   |
[INFO] [stdout] 4 | use std::os::windows::prelude::*;
[INFO] [stdout]   |              ^^^^^^^ could not find `windows` in `os`
[INFO] [stdout] 
[INFO] [stdout] 
[INFO] [stdout] error[E0433]: failed to resolve: could not find `windows` in `os`
[INFO] [stdout]  --> src/lib.rs:4:14
[INFO] [stdout]   |
[INFO] [stdout] 4 | use std::os::windows::prelude::*;
[INFO] [stdout]   |              ^^^^^^^ could not find `windows` in `os`
[INFO] [stdout] 
[INFO] [stdout] 
[INFO] [stdout] error[E0599]: no method named `file_size` found for struct `Metadata` in the current scope
[INFO] [stdout]   --> src/lib.rs:69:39
[INFO] [stdout]    |
[INFO] [stdout] 69 |                 size = tools::round_size(metadata.file_size());
[INFO] [stdout]    |                                                   ^^^^^^^^^ help: there is a method with a similar name: `file_type`
[INFO] [stdout] 
[INFO] [stdout] 
[INFO] [stdout] error[E0599]: no method named `file_size` found for struct `Metadata` in the current scope
[INFO] [stdout]   --> src/lib.rs:69:39
[INFO] [stdout]    |
[INFO] [stdout] 69 |                 size = tools::round_size(metadata.file_size());
[INFO] [stdout]    |                                                   ^^^^^^^^^ help: there is a method with a similar name: `file_type`
[INFO] [stdout] 
[INFO] [stdout] 
[INFO] [stdout] error[E0599]: no method named `last_write_time` found for struct `Metadata` in the current scope
[INFO] [stdout]   --> src/lib.rs:75:27
[INFO] [stdout]    |
[INFO] [stdout] 75 |             let seconds = metadata.last_write_time()/10000000;
[INFO] [stdout]    |                                    ^^^^^^^^^^^^^^^ method not found in `Metadata`
[INFO] [stdout] 
[INFO] [stdout] 
[INFO] [stdout] error[E0599]: no method named `last_write_time` found for struct `Metadata` in the current scope
[INFO] [stdout]   --> src/lib.rs:75:27
[INFO] [stdout]    |
[INFO] [stdout] 75 |             let seconds = metadata.last_write_time()/10000000;
[INFO] [stdout]    |                                    ^^^^^^^^^^^^^^^ method not found in `Metadata`
[INFO] [stdout] 
[INFO] [stdout] 
[INFO] [stdout] error[E0599]: no method named `file_size` found for struct `Metadata` in the current scope
[INFO] [stdout]    --> src/lib.rs:224:39
[INFO] [stdout]     |
[INFO] [stdout] 224 |                 size = tools::round_size(metadata.file_size());
[INFO] [stdout]     |                                                   ^^^^^^^^^ help: there is a method with a similar name: `file_type`
[INFO] [stdout] 
[INFO] [stdout] 
[INFO] [stdout] error[E0599]: no method named `file_size` found for struct `Metadata` in the current scope
[INFO] [stdout]    --> src/lib.rs:224:39
[INFO] [stdout]     |
[INFO] [stdout] 224 |                 size = tools::round_size(metadata.file_size());
[INFO] [stdout]     |                                                   ^^^^^^^^^ help: there is a method with a similar name: `file_type`
[INFO] [stdout] 
[INFO] [stdout] 
[INFO] [stdout] error[E0599]: no method named `last_write_time` found for struct `Metadata` in the current scope
[INFO] [stdout]    --> src/lib.rs:230:27
[INFO] [stdout]     |
[INFO] [stdout] 230 |             let seconds = metadata.last_write_time()/10000000;
[INFO] [stdout]     |                                    ^^^^^^^^^^^^^^^ method not found in `Metadata`
[INFO] [stdout] 
[INFO] [stdout] 
[INFO] [stdout] error[E0599]: no method named `last_write_time` found for struct `Metadata` in the current scope
[INFO] [stdout]    --> src/lib.rs:230:27
[INFO] [stdout]     |
[INFO] [stdout] 230 |             let seconds = metadata.last_write_time()/10000000;
[INFO] [stdout]     |                                    ^^^^^^^^^^^^^^^ method not found in `Metadata`
[INFO] [stdout] 
[INFO] [stdout] 
[INFO] [stdout] error: aborting due to 5 previous errors
[INFO] [stdout] 
[INFO] [stdout] 
[INFO] [stdout] Some errors have detailed explanations: E0433, E0599.
[INFO] [stdout] 
[INFO] [stdout] For more information about an error, try `rustc --explain E0433`.
[INFO] [stdout] 
[INFO] [stdout] error: aborting due to 5 previous errors
[INFO] [stdout] 
[INFO] [stdout] 
[INFO] [stdout] Some errors have detailed explanations: E0433, E0599.
[INFO] [stdout] 
[INFO] [stdout] For more information about an error, try `rustc --explain E0433`.
[INFO] [stdout] 
[INFO] [stderr] error: could not compile `iron` (lib) due to 6 previous errors
[INFO] [stderr] warning: build failed, waiting for other jobs to finish...
[INFO] [stderr] error: could not compile `iron` (lib test) due to 6 previous errors
[INFO] running `Command { std: "docker" "inspect" "c3d589b1d6bcefb6d523efcbc9ccee679083b0c453599b9d463c60f3d4942daa", kill_on_drop: false }`
[INFO] running `Command { std: "docker" "rm" "-f" "c3d589b1d6bcefb6d523efcbc9ccee679083b0c453599b9d463c60f3d4942daa", kill_on_drop: false }`
[INFO] [stdout] c3d589b1d6bcefb6d523efcbc9ccee679083b0c453599b9d463c60f3d4942daa
